, 1087, 42181
What are the prime factors of 2655859361?
2655859361
What are the prime factors of 3035270881?
19, 159751099
List the prime factors of 161826687.
3, 11, 47, 11593
List the prime factors of 3703436431.
59, 173, 179, 2027
What are the prime factors of 162558313?
179, 283, 3209
What are the prime factors of 1372594566?
2, 3, 7, 593, 7873
List the prime factors of 190936237.
190936237
What are the prime factors of 95638446?
2, 3, 5313247
What are the prime factors of 156088174?
2, 11, 359, 19763
List the prime factors of 88368680.
2, 5, 2209217
What are the prime factors of 127192668?
2, 3, 23, 460843
List the prime factors of 684799983.
3, 7, 43, 449, 563
List the prime factors of 1191486519.
3, 31, 47, 90863
What are the prime factors of 653962009?
67, 145681
What are the prime factors of 90731733?
3, 37, 817403
What are the prime factors of 1623508449?
3, 17, 1549, 20551
What are the prime factors of 338433024?
2, 3, 41, 2687
What are the prime factors of 95710726?
2, 4733, 10111
What are the prime factors of 22436775?
3, 5, 99719
List the prime factors of 62878355.
5, 37, 283, 1201
List the prime factors of 9616288.
2, 11, 17, 1607
List the prime factors of 5793124372.
2, 7, 61, 181, 2677
List the prime factors of 123968344.
2, 23, 239, 2819
List the prime factors of 52071163.
52071163
What are the prime factors of 8153788776?
2, 3, 7, 48534457
What are the prime factors of 1771456415?
5, 59, 1579, 3803
What are the prime factors of 39088182?
2, 3, 7, 132953
List the prime factors of 949059824.
2, 67, 127, 6971
What are the prime factors of 33482172?
2, 3, 2790181
What are the prime factors of 126719684?
2, 7, 13, 41, 1213
List the prime factors of 90199565.
5, 101, 178613
List the prime factors of 54139646.
2, 11, 107, 109, 211
List the prime factors of 68019195.
3, 5, 199, 22787
What are the prime factors of 77828435?
5, 23, 97, 6977
What are the prime factors of 1122033673?
1122033673
What are the prime factors of 898648?
2, 112331
List the prime factors of 134461942.
2, 17, 31, 193, 661
What are the prime factors of 270159651?
3, 19, 526627
List the prime factors of 23616596.
2, 5904149
List the prime factors of 263375524.
2, 839, 78479
List the prime factors of 9854161.
47, 71, 2953
What are the prime factors of 416194207?
11, 13, 2910449
What are the prime factors of 3377830418?
2, 37, 97, 163, 2887
List the prime factors of 57049133.
57049133
What are the prime factors of 1035193492?
2, 19, 109, 6577
What are the prime factors of 157426204?
2, 13, 179, 1301
List the prime factors of 59463152.
2, 7, 43, 12347
List the prime factors of 48564369.
3, 7, 770863
What are the prime factors of 230835380?
2, 5, 107, 107867
What are the prime factors of 121515466?
2, 60757733
List the prime factors of 47004657.
3, 7, 139, 16103
List the prime factors of 2186310609.
3, 7, 23, 29, 41, 47
List the prime factors of 109146887.
19, 373, 15401
List the prime factors of 119027562.
2, 3, 79, 151, 1663
What are the prime factors of 1776793438?
2, 7, 126913817
List the prime factors of 313461659.
7, 47, 952771
List the prime factors of 246815370.
2, 3, 5, 914131
What are the prime factors of 111106889?
19, 5847731
List the prime factors of 6568170.
2, 3, 5, 7, 31277
What are the prime factors of 270622886?
2, 199, 679957
List the prime factors of 2588184969.
3, 17053, 50591
List the prime factors of 1629431153.
7, 33253697
What are the prime factors of 322946658?
2, 3, 379, 47339
What are the prime factors of 5203270?
2, 5, 83, 6269
What are the prime factors of 17154951?
3, 11, 101, 5147
What are the prime factors of 204491611?
347, 433, 1361
List the prime factors of 44771184.
2, 3, 37, 2801
What are the prime factors of 617978738?
2, 13, 31, 24733
What are the prime factors of 437222035?
5, 173, 505459
What are the prime factors of 120630188?
2, 7, 127, 33923
List the prime factors of 367926526.
2, 11, 19, 541, 1627
What are the prime factors of 1458232785?
3, 5, 32405173
What are the prime factors of 85249932?
2, 3, 313, 22697
What are the prime factors of 398779570?
2, 5, 7, 61, 1531
What are the prime factors of 17719722?
2, 3, 89, 1229
What are the prime factors of 872279029?
872279029
What are the prime factors of 51446056?
2, 83, 77479
What are the prime factors of 91092808?
2, 433, 26297
What are the prime factors of 2486097093?
3, 409, 1097, 1847
What are the prime factors of 974152403?
7, 139164629
List the prime factors of 328835271.
3, 211, 519487
List the prime factors of 54749341.
103, 531547
List the prime factors of 968220662.
2, 37, 13084063
List the prime factors of 147083947.
1103, 133349
What are the prime factors of 45504907?
7, 151, 43051
List the prime factors of 967783008.
2, 3, 10081073
List the prime factors of 110546323.
937, 117979
What are the prime factors of 141342247?
43, 3287029
What are the prime factors of 3114306064?
2, 194644129
What are the prime factors of 21526561?
7, 71, 43313
List the prime factors of 3438288636.
2, 3, 373, 768161
What are the prime factors of 1864668?
2, 3, 13, 11953
List the prime factors of 3570153547.
29, 107, 883, 1303
List the prime factors of 72585974.
2, 61, 227, 2621
What are the prime factors of 4975643?
4975643
List the prime factors of 82824514.
2, 181, 228797
What are the prime factors of 2650813148?
2, 179, 1187, 3119
List the prime factors of 61703155.
5, 29, 41, 97, 107
What are the prime factors of 3391549115?
5, 19, 227, 157271
What are the prime factors of 98059651?
43, 1279, 1783
List the prime factors of 957553532.
2, 13, 18414491
List the prime factors of 53968426.
2, 83, 3917
What are the prime factors of 576386740?
2, 5, 37, 239, 3259
List the prime factors of 230691466.
2, 241, 307, 1559
List the prime factors of 35988399.
3, 23, 7559
List the prime factors of 29605619.
17, 1051, 1657
List the prime factors of 2138810370.
2, 3, 5, 71293679
List the prime factors of 124222356.
2, 3, 23, 43, 1163
What are the prime factors of 26275378?
2, 13137689
What are the prime factors of 3824892342?
2, 3, 227, 936097
What are the prime factors of 1236820450?
2, 5, 24736409
List the prime factors of 4013862987.
3, 1337954329
What are the prime factors of 36235397?
11, 3294127
What are the prime factors of 40931832?
2, 3, 1705493
What are the prime factors of 78053176?
2, 41, 237967
What are the prime factors of 17767745?
5, 769, 4621
List the prime factors of 760409539.
760409539
What are the prime factors of 1161534773?
7, 165933539
List the prime factors of 918693097.
7, 2063, 63617
List the prime factors of 104290385.
5, 20858077
What are the prime factors of 192232773?
3, 47, 454451
What are the prime factors of 1500877150?
2, 5, 811, 37013
What are the prime factors of 5015121804?
2, 3, 7, 11, 41, 4903
What are the prime factors of 764886087?
3, 7, 787, 15427
What are the prime factors of 918126087?
3, 167, 1327, 1381
What are the prime factors of 459229692?
2, 3, 38269141
What are the prime factors of 55517659?
53, 97, 10799
What are the prime factors of 396860116?
2, 251, 277, 1427
What are the prime factors of 18010105?
5, 3602021
What are the prime factors of 36196777?
36196777
List the prime factors of 2956145585.
5, 31, 73, 137, 1907
What are the prime factors of 914361998?
2, 11, 67, 71, 8737
What are the prime factors of 188901351?
3, 20989039
What are the prime factors of 137225509?
193, 599, 1187
List the prime factors of 68669845.
5, 463, 29663
List the prime factors of 286509209.
7, 40929887
List the prime factors of 2125421006.
2, 83, 12803741
What are the prime factors of 987252672?
2, 3, 7, 47, 15629
List the prime factors of 412790309.
283, 1458623
What are the prime factors of 1442813081?
59, 71, 344429
List the prime factors of 5041013846.
2, 11, 103, 113, 19687
What are the prime factors of 66625479?
3, 31, 238801
What are the prime factors of 129422063?
129422063
List the prime factors of 3519176919.
3, 17, 73, 307, 3079
What are the prime factors of 350775609?
3, 227, 515089
List the prime factors of 481542065.
5, 31, 67, 89, 521
What are the prime factors of 917414071?
7, 383, 342191
List the prime factors of 77187639.
3, 25729213
What are the prime factors of 58114713?
3, 19371571
List the prime factors of 1405861926.
2, 3, 7, 33472903
List